 3*u = 2*b + 40. Suppose 0*o - 4*o = -3*k + u, 3*o + 2*k - 1 = 0. Let w(g) = -901*g**3 - g**2 - 2*g - 1. Is w(o) prime?
False
Suppose 331*v - 10495 = 505534. Is v composite?
False
Suppose -2*m = -4*l - 76354, l = 16*m - 15*m - 38172. Is m prime?
True
Let n(x) = 146*x**2 + 41*x + 337. Is n(-22) a composite number?
False
Let c = -42761 + 75168. Is c a prime number?
False
Suppose 0 = 4*r + 17*r - 663243. Is r composite?
False
Let h be (2 + (-1036)/3)/(-8*9/108). Let p(v) = 39*v. Let r be p(-4). Let f = h + r. Is f a prime number?
True
Suppose 14626579 = 142*g - 4864950 - 28356933. Is g composite?
False
Let q(n) = -3*n - 5. Let w be q(-6). Suppose 0 = -w*t - 1063 + 4495. Suppose 5*j - t = 301. Is j a prime number?
True
Let z = 457 + -454. Is (-7 + -1182)*z*(-3)/9 prime?
False
Suppose -1024 = -4*v + 3*v. Suppose -499 = r + q, 0 = r + 3*q - 78 + 569. Let k = r + v. Is k prime?
True
Suppose j = -3*r + 197 - 42, 5*j = -5*r + 775. Suppose 3*h + j = 602. Is h a composite number?
False
Let h(g) be the third derivative of 15*g**2 - 35/12*g**4 + 0*g + 0 + 37/6*g**3. Is h(-15) composite?
False
Suppose -4*c + 2*l = -18506, 0*l + 3*l + 3 = 0. Is 10/(-15)*(-75)/(-10) + c composite?
False
Let m(n) be the third derivative of -29*n**7/1680 - n**6/90 + n**5/5 + n**3/2 - 45*n**2. Let q(t) be the third derivative of m(t). Is q(-5) composite?
True
Suppose -5*b = -2*g - 190543, -141*g + 144*g - 18 = 0. Is b a prime number?
False
Suppose 36*i - 31779638 = -27*i + 41*i. Is i a prime number?
True
Let g be 0 + (0/(-3))/(-1). Let t(a) = 2112 - a**2 - 605 + g*a + 0*a. Is t(0) a prime number?
False
Let x be (7 - 75/5)*(-894)/4. Suppose -4*p + 5*j + 908 + x = 0, 3*p + 2*j - 1999 = 0. Suppose -3*b = -2*b - p. Is b prime?
False
Let g(r) = 5 - 30*r + 32*r**2 + 1 + 15*r**2. Is g(-10) prime?
False
Is 1530835/(-25)*(5 + -10) a prime number?
True
Let m = 1555995 + -428624. Is m a prime number?
False
Suppose -13*p + 128 + 54 = 0. Suppose 59506 = p*l + 18528. Is l a prime number?
True
Let q be (-1)/8 - ((-282)/(-48) + -3). Is (7 + 11239 - 0) + q composite?
False
Suppose -5*m + 2*a = 4, 0 = 3*m - 5*a + 7*a - 4. Suppose 4*s + 15*h - 2272 = 11*h, m = -5*s + 3*h + 2880. Is s prime?
False
Is (-14372929)/(-423) + (-12)/(-27) a composite number?
True
Is (-675)/81 + 9 + (-18029128)/(-3) - 1 a prime number?
True
Let q(c) = 352*c**2 + 78*c - 399. Is q(5) a prime number?
False
Let x = 294602 - 53637. Is x composite?
True
Suppose 0 = -s - 4*j + 238, 4*s = 3*j + j + 1052. Suppose o - s - 51 = -4*k, -2*o + 603 = 3*k. Let q = 460 + o. Is q composite?
False
Suppose -80*l - p = -81*l + 9669, -4*l + p = -38688. Is l a composite number?
True
Let p(v) = 15*v - 30. Suppose -3*w + 10 = -w. Let o(z) = 15*z - 31. Let t(n) = w*o(n) - 6*p(n). Is t(-8) a composite number?
True
Let n(b) = 39*b**2 + 58*b + 1612. Is n(-41) prime?
True
Let m(q) = 24917*q + 7823. Is m(64) a composite number?
True
Let x = 232 + -348. Let p = x + 9. Let s = -36 - p. Is s composite?
False
Let r = -59 - -31. Let l = -42 - r. Let w(a) = -87*a + 13. Is w(l) a composite number?
False
Let o = -43 - 0. Let t = -33 - o. Suppose -13*f + t*f + 66 = 0. Is f composite?
True
Is -7*((-8)/(-42)*3 - 152985620/868) prime?
True
Let g be 98955/(-81)*27/(-15). Suppose -4*q = -g - 9949. Is q a prime number?
True
Let t be (41 - -1)*((-14)/(-4))/7. Suppose -t*v = -5*v - 18224. Is v a composite number?
True
Let z = -56 - -79. Suppose -z*m + 7*m + 1360 = 0. Is m composite?
True
Let a(z) = 61*z - 20. Suppose 0*k - 8 = -k - 4*q, -3*k + 24 = -q. Let g be a(k). Suppose 9*d - g = -y + 4*d, 5*y + d = 2220. Is y composite?
False
Let a(g) be the first derivative of 11*g**5/60 - g**4/8 + 5*g**3/6 - 3*g**2 - 13. Let b(y) be the second derivative of a(y). Is b(5) composite?
True
Suppose 0 = -12*u - 3*u + 165105. Suppose -u = -5*p + 668. Is p a composite number?
True
Let n(f) = 18*f**3 - 3*f**2 - 20*f - 2. Let z be n(-7). Let q = 8716 + z. Is q a prime number?
False
Let z(q) be the second derivative of 13*q**3/6 - q**2/2 - 13*q. Let w be z(-1). Let i(h) = h**3 + 17*h**2 - 6*h + 1. Is i(w) a composite number?
False
Let i(u) = -13*u + 121. Let x be i(9). Suppose -3*p + l = -4732, -p - 4*p = x*l - 7881. Is p prime?
False
Let k(d) = -4842*d**3 + 4*d**2 + 6*d - 1. Is k(-3) a composite number?
True
Is 189167/15 + (-104)/(-195) + (-10)/15 a composite number?
False
Suppose 4*q - 256 = 2*n, -3*q + 206 = 6*n - 11*n. Suppose q*u - 66*u = -9304. Is u a prime number?
False
Let s(c) = c**3 + 8*c**2 + 5. Let t be s(-8). Suppose 5 = -5*o - t. Is -1061*o/6*3 a composite number?
False
Let s(i) = 2*i**2 - 2*i + 3. Let q be s(0). Suppose -q*o = o - 2164. Is o a prime number?
True
Let p(d) = 17188*d - 1203. Is p(4) composite?
True
Let x(h) = 737*h**3 - 4*h**2 - 4*h + 24. Is x(5) a prime number?
False
Suppose 7895 + 10985 = -16*a. Let u = 9371 + a. Is u a composite number?
False
Is 64/(-112) - 33/(-21) - (-9144)/3 prime?
True
Let n(z) = 35*z - 177. Let o be n(19). Suppose -483*t - 12295 = -o*t. Is t prime?
True
Suppose 4*c - 12906 = -2*a + a, 6 = 3*c. Let v = 18065 - a. Is v prime?
True
Let f(r) = 10*r**3 - 11*r**2 + 21*r + 3. Suppose -12*m = -3*h - 10*m + 28, -2*h + 22 = -2*m. Is f(h) a prime number?
False
Suppose 404*y = 409*y - 395. Is 1466 + y - ((-1)/(-1) - -1) a composite number?
False
Let u(v) = 1. Let y(j) = 23*j + 22. Let x(q) = 5*u(q) - y(q). Suppose 0 = -4*p + 3*i - 60, -2*i - 23 - 5 = 3*p. Is x(p) a prime number?
False
Let r = 15 + 0. Suppose -40 = -5*c - r. Suppose -9*s + c*s + 508 = 0. Is s prime?
True
Let f be (-1764)/15 - 3 - 2/5. Let q = 1240 + f. Let m = -628 + q. Is m a prime number?
True
Let h be 4 - (-10 + 10 + 0/2). Suppose -y + 5*g - 640 = g, h*y + 2*g + 2506 = 0. Let p = 5 - y. Is p prime?
False
Suppose -232629 = -v + 3*i + 176467, -4*v = -5*i - 1636391. Is v prime?
True
Suppose 13617908 = 156*a + 841976. Is a a composite number?
True
Suppose v + 20 = -5*q, q - 5*q = 5*v - 5. Suppose -v*k + 4*w + 4 = 0, 20 = k - 3*w + 7*w. Suppose k*a + 12 = -8, 6775 = 5*j - 4*a. Is j a composite number?
True
Let p = -7 - -55. Let i = p - 43. Suppose -s + 1052 = i*v, -s - 58 = 2*v - 477. Is v a composite number?
False
Let s(h) = 2*h**2 - 5*h - 831. Let g(u) = -2*u**2 + 6*u + 831. Suppose -7*z - 48 = z. Let m(p) = z*s(p) - 5*g(p). Is m(0) prime?
False
Suppose -834932 = -4*d + 4*m, -834944 = 343*d - 347*d + 2*m. Is d a prime number?
True
Suppose z - q - 246158 = 337557, 0 = 3*z - 4*q - 1751153. Is z composite?
True
Suppose 0 = -478*k + 483*k - 1007830. Suppose -635404 = -30*j + k. Is j a prime number?
False
Let f(p) = p**3 + 10*p**2 + 2*p + 9977. Is f(0) composite?
True
Suppose -3*q + 5*q - 2 = 5*t, 2*t + 2*q = 2. Let b be (-4)/(-8) + (366/4 - t). Suppose -b*w + 2101 = -91*w. Is w a composite number?
True
Suppose 10078893 = 71*t + 905764. Is t a composite number?
True
Let f(z) = 73*z**3 + 11*z**2 - 18*z + 71. Is f(7) composite?
False
Let i = -285546 - -421079. Is i composite?
False
Let z = 95924 - 14605. Is z a prime number?
False
Let k(a) = 8842*a + 421. Is k(21) prime?
True
Let p(b) = -3*b**2 - 13*b + 10. Let s be p(-5). Suppose 4*t + s*t + 4*l = 14776, -4*t - 3*l + 14773 = 0. Is t a composite number?
False
Suppose -4*z + 6 = 2*z. Suppose -2*g - 2*x + x - 1837 = 0, 0 = x - z. Let o = 1424 + g. Is o a prime number?
False
Suppose 0 = 2*q - 4*m - 256, -q + m + 127 = -2*m. Suppose l = -661 - q. Let z = l + 1846. Is z prime?
False
Let s = 21 - 31. Let f(m) = -2*m - 11. Let k be f(s). Is 1254/k*(-4 + (-44)/(-8)) a composite number?
True
Let k(b) be the second derivative of -b**5/60 + b**4/12 + 547*b**3/3 - 33*b**2/2 - 14*b. Let u(j) be the first derivative of k(j). Is u(0) prime?
False
Let p(t) = 85*t**3 - 5*t**2 + t + 12. Suppose -9*l = -8*l - 5. Is p(l) prime?
False
Suppose 0 = -4*b + 3*z - z + 903804, 1129695 = 5*b + 5*z. Is b composite?
True
Let j = 9302 - 5036. Let z = 2729 + j. Is z prime?
False
Suppose -5*a - 20 = -3*o, -a - 4 + 0 = 2*o. Suppose o = -12*u - 101 - 31. Is u/((-44)/(-16)) - -2007 composite?
False
Is 1/3*(18092658/14 - (-312)/(-182)) a composite number?
True
Let d = -520 + 537. Suppose 7*j + 31630 = d*j. Is j a composite number?
False
Let n = -23 + 23. Let h be 2177 + n - (-23 - -5)/6. Suppose 0 = 5*k - b - h, 0 = 4*k + 2*b + 3*b - 1773. Is k prime?
False
Let u = 205